Suppose c*m = -2*q - 846, -3*q - 480 = -m + 801. Let u = -133 - q. Is u a prime number?
True
Is (-230310)/(-20) - (-4)/((-32)/(-28)) composite?
False
Let j(t) = -8089*t - 179. Is j(-2) a prime number?
False
Let s = 23855 - 16858. Is s a prime number?
True
Is ((-23675)/((-5)/(-1)))/(-1) prime?
False
Suppose 4*j = 3*s + 17, 9 = 4*j - 2*s - 5. Suppose j*h = -3*c + 1885, c = -0*h - 4*h + 615. Is c a composite number?
False
Let u(j) = -j**2 + 13*j - 9. Let p be u(12). Let s(g) = 8*g - 40*g - 15*g + p - 15*g. Is s(-8) a composite number?
False
Let n = -67 + 75. Suppose -n*o = -3*o - 9545. Is o prime?
False
Let a = -664 - -821. Is a a prime number?
True
Let o(f) = f**3 - 21*f**2 + 17*f + 20. Let d be o(20). Is (4/10 + (-64)/d)*1861 prime?
False
Let f = 12 + -6. Suppose 0 = f*u + 2 + 34. Let a = 203 - u. Is a a prime number?
False
Let d(w) = 3*w**2 - 1. Let m be d(1). Let s(t) = 7 - 2*t - 5*t**m - 4*t + 4*t - t**3. Is s(-6) a prime number?
False
Let f(p) = -15*p**3 + 4*p**2 + 4*p + 3. Let z = -7 + 15. Let g be 4/(-6)*(z - 5). Is f(g) a prime number?
True
Suppose -27*h + 22*h = -8165. Is h a composite number?
True
Let t be -4 + 7 - 2*5. Let a(r) = -18*r - 2. Let w be a(t). Let j = -13 + w. Is j a composite number?
True
Suppose 0 = -3*q + 16*q - 436319. Is q a composite number?
False
Let p(u) = -u + 7. Let s be p(-13). Is (s/6)/(22/5907) a composite number?
True
Suppose -2*p = 3*v - 49 - 125, p = 0. Suppose -55*i + v*i = 3489. Is i composite?
False
Let b = -44 - -64. Suppose -3*s - 2*s + b = 0, -4*z + 2*s + 348 = 0. Is z a prime number?
True
Let j(z) = -6*z**3 - 13*z**2 + 2*z + 30. Is j(-11) prime?
True
Suppose -134589 = -17*p + 134300. Is p prime?
True
Let x = -61 + -53. Let g = 79 + x. Let w = g - -150. Is w a composite number?
True
Let n(y) = -14490*y**3 + y**2 - y - 3. Is n(-1) composite?
False
Let b = 19 - 16. Suppose -3*y = -t - 445, 7*t - 753 = -5*y + b*t. Is y a composite number?
False
Let k be 20/(-6)*(-90)/75. Suppose -2387 = -k*r - 863. Is r composite?
True
Let k(r) be the third derivative of 0*r + 1/3*r**4 + 5/6*r**3 + 0 - r**2. Is k(6) a prime number?
True
Let f(v) = 13*v**2 + 5*v + 3. Suppose 0 = -5*z + 10 - 0. Suppose 5*b + 15 = -z*j, 0*b - 2*b = 4*j - 10. Is f(j) a prime number?
True
Suppose 851 + 1051 = -2*q. Is 12 - 8 - q*1 composite?
True
Let o(n) = 49*n**2 - 15*n - 11. Let a be o(-6). Suppose -3*d + a = -548. Is d prime?
True
Let b(n) = -42*n - 371. Is b(-30) a prime number?
False
Suppose -14*p + 18*p = 11740. Suppose 0 = 4*i - 253 - p. Is i prime?
True
Suppose 0 = -23*d + 3039089 - 622824. Is d a composite number?
True
Let h be 3*24/(-18) + 1 + 132. Suppose 0 = 4*c - c - 1533. Suppose c = 2*f + h. Is f composite?
False
Let m = 23 - 13. Let k(s) = -9*s**2 - 31*s + 37. Let o(h) = 5*h**2 + 16*h - 19. Let j(c) = 6*k(c) + 11*o(c). Is j(m) a prime number?
True
Is (4/(-7))/((-90)/60795) a prime number?
False
Let t(r) = -572*r + 12. Let m be t(-16). Suppose 0 = -47*i + 51*i - m. Is i composite?
True
Let t(q) = 14*q**3 + 2*q**2 - 4*q + 4. Let u be t(2). Suppose u = 2*f - 102. Is f prime?
True
Let c = -42 - -83. Suppose 8*b - 3*l = 4*b - 3, -l = 4*b - 17. Suppose 16 = b*n - c. Is n prime?
True
Suppose 4*l + 3*r - 45 - 40 = 0, 140 = 5*l - 3*r. Suppose -6*o + o + l = 0. Suppose 3*x - o*x + 3*i + 667 = 0, x = -i + 326. Is x prime?
False
Let r(b) = -2*b**2 - 5*b + 3. Let d be r(-4). Let n be 2/9 - 7/d. Is n/2*(-15148)/(-14) prime?
True
Let u be ((-69)/(-18) + -3)*6. Suppose -2*p + 3839 = -u*q, -2*p + 4*p - 3789 = -5*q. Is p a composite number?
False
Let z(i) = 2*i**3 - 2*i**2 + i - 1. Let o be z(2). Suppose -o*t + 6*t + 33 = 0. Suppose 267 = t*h - 8*h. Is h a prime number?
True
Suppose -2*m + 5*m = -78. Let k = m + 30. Suppose -5*v - 304 = -k*o + 904, -1543 = -5*o - 2*v. Is o a composite number?
False
Suppose 18 = -3*l - 0*l. Let t(c) = 123*c**2 + 5*c - 3. Let w be t(l). Let b = w - 3102. Is b a prime number?
False
Is (2 + -1 + -2)*212728/(-8) composite?
False
Let p(n) = 6*n**3 - 11*n**2 + 805. Let m(o) = -o**3 + 2*o**2 - 161. Let y(k) = -11*m(k) - 2*p(k). Is y(0) composite?
True
Suppose 14 = 3*a - c, -2*a + c + 1 = 2*c. Suppose 10 = -5*u, -u + 672 = a*w - 607. Is w a prime number?
False
Suppose r - 5 = -3*n + 4, 0 = -r + n + 9. Is 3396/(-2)*(-3)/r a composite number?
True
Suppose w + c = 5*w - 539, -c = 2*w - 271. Suppose -25 = -5*f, -5*a - w = -f - 385. Is a a composite number?
True
Let w = 54 - 27. Is 90332/36 - 6/w prime?
False
Suppose 3*d = 2*a - 3*a - 2009, 5*a + 4*d + 10034 = 0. Is 16/64 - a/8 composite?
False
Suppose -31*a + 69675 = -6*a. Is a prime?
False
Let j(l) = -83 + 64 + 2*l**3 - 12*l + l - 10*l**2 - l**3. Is j(14) a composite number?
True
Let m(b) = b**3 + 33*b**2 - 70*b + 41. Is m(-33) prime?
True
Let v = 14482 + -8576. Is v a composite number?
True
Is (-47047)/(-66) - (-2)/12 a composite number?
True
Let b(z) = 91*z**2 + 18*z + 87. Is b(-4) a composite number?
False
Suppose -11*i = 71*i - 904214. Is i prime?
True
Suppose -3*d + 379 = -221. Let q = 0 + 2. Suppose 4*x + 5*u - d = 0, -q*u = -7*x + 3*x + 228. Is x prime?
False
Suppose 5*o + 15840 = -0*n + 5*n, 3*n + o - 9484 = 0. Is n a composite number?
False
Let w = -186 + 300. Suppose 4*h + h = 1205. Let t = h - w. Is t a composite number?
False
Suppose 4*m = 2*m. Let z be (-10)/(-10) - 0/(0 - 1). Is 3 - (m + (-4)/z) a composite number?
False
Let l = 1578 + -293. Is l prime?
False
Let w(j) be the third derivative of j**4/3 - 5*j**3/6 + 4*j**2. Let s be w(6). Suppose 2*p - 3 = 4*b + s, -3*p - b + 62 = 0. Is p composite?
True
Suppose 0 = -5*b - 3*r, b + 2*r + 16 = 3*b. Suppose p = b*p - 200. Suppose -k + p = -103. Is k prime?
False
Let c be (-17)/(-4) - (-1)/(-4). Suppose 0 = 15*z - 95 - 160. Let d = z + c. Is d a composite number?
True
Let o(y) = 98*y + 12. Let z(w) = 49*w + 6. Let n(a) = -3*o(a) + 5*z(a). Let h be n(-2). Suppose 5*f = -2*k + 43, 4*k + 2*f - h = k. Is k a prime number?
False
Let k(q) = q**2 + q - 11. Let z be k(-4). Is z - (1 + 0 + -23) a prime number?
True
Let f(a) = a**2 + a - 1. Let r(p) = -p**3 - 10*p**2 + 27*p - 16. Let k(y) = f(y) - r(y). Is k(-11) prime?
False
Let t = -10 + 15. Suppose -5*k = -4*u - 344, 147 + 192 = t*k + u. Suppose 2*n = 4*n - k. Is n a composite number?
True
Let a(t) = 31*t**2 - 7*t + 5. Suppose 5*m - 37 = -77. Is a(m) a composite number?
True
Is (0/2 - -1)/(10/152590) a composite number?
False
Let b = -3091 + 4452. Is b a composite number?
False
Let q = -104 - -114. Suppose -22888 = 2*s - q*s. Is s a composite number?
False
Let v be (-7)/(-3) + -2 - (-3)/(-9). Is v - (-1081)/3 - (-2)/3 a prime number?
False
Let z(q) = -2817*q - 154. Is z(-15) a composite number?
False
Let p(n) = 266*n**2 + 9*n - 103. Is p(6) prime?
False
Suppose 2*g + 4*s = 3190, 0 = 6*s - 3*s + 12. Let a be g + -1 + (-1 - -1). Is (3/9)/(3/a) a composite number?
True
Is (-15)/(-3) + -13 - -17041 composite?
False
Let w(j) = 1. Let f(c) = -7*c**2 + 10*c + 6. Let o(p) = -f(p) + 2*w(p). Is o(9) prime?
False
Suppose 30470 + 840 = 5*u. Suppose 7769 = 9*a - u. Is a prime?
True
Let i be (10/25)/(1/5). Suppose -4*q - 980 = 2*z, 4*z + 0*q + 1960 = -i*q. Is z/(-4) - (-1)/2 a composite number?
True
Let c = -200 + 317. Suppose -3*g - 9 + c = 0. Suppose -g = -y + 19. Is y composite?
True
Suppose 5 = -4*t - 3, 5*t = -5*b - 5. Let s(l) = 114*l**3 - 3*l**2 + 2*l. Is s(b) prime?
True
Is 3/12 - 2002904/(-32) prime?
True
Let v be 1*327/(-3)*-1. Let x(f) = -2*f**3 - 11*f**2 - 5*f. Let d be x(-7). Let l = v + d. Is l prime?
False
Is (-1)/(-4) - (-95222)/8 a composite number?
False
Let l(f) be the first derivative of 257*f**3/6 + 2*f - 5. Let k(z) be the first derivative of l(z). Is k(1) composite?
False
Suppose 2*l - l = -j - 4, 3*j - l = 0. Let x be (-3 + 2)*463*j. Let k = 662 - x. Is k a composite number?
False
Let s = -29 + 30. Let k(l) = 6*l**2 + 8*l - 6. Let x(j) = j**2 - j + 1. Let f(q) = s*k(q) - 5*x(q). Is f(8) prime?
True
Suppose 44604 = 2*r + t, 20*r - 18*r = -5*t + 44596. Is r composite?
False
Suppose -j + 4*a + 2926 = 0, -38*j + 5900 = -36*j + 4*a. Is j composite?
True
Let j(l) = -l - 1. Let h(i) = -3*i**2 + 4. Let g(q) = -h(q) - 5*j(q). Let a be g(-2). Suppose -a*n + 804 = 33. Is n composite?
False
Let z be ((-50)/(-5))/(0 + 2). Let b = z + -12. Is (b - -6)/((-2)/74) composi